mber?
False
Let q(r) = -r - 31. Let z be q(18). Let h = -36 - z. Suppose 0 = 15*s - h*s - 1574. Is s prime?
True
Let z(v) = 498644*v**2 + 83*v - 84. Is z(1) composite?
False
Let a(m) = m - 6. Let p be a(11). Suppose -5*x + 4*z + 4655 = 0, p*x + 2*z + z = 4655. Let r = 534 + x. Is r composite?
True
Is (27 - -12)*(6333/27)/((-5)/(-15)) composite?
True
Let n be 9/(-12)*(-3 - 9). Suppose n*w - 48028 = 5*w. Is w composite?
False
Let m(o) = -4*o + 4. Let k be m(6). Let j = -15 - k. Suppose -548 = -j*p + 407. Is p a prime number?
True
Let k(y) = 36*y**2 - 10*y - 33. Suppose 0 = -4*u + 5*l + 26, 0*u - 6 = -u + l. Suppose 3*v + 2 = 4*j - 5, -u*v - 18 = -j. Is k(v) composite?
True
Let p(r) = 3*r**2 - 10*r - 1. Let q be p(8). Let z be -8*(1 + 56/(-16)). Let d = z + q. Is d a composite number?
False
Suppose 15*c - 14*c = 2. Suppose -2719 = 5*q + 2*j - 10094, -c*j = 10. Suppose -18*m = -11*m - q. Is m a composite number?
False
Let r(j) = -j**3 + 5*j**2 + 5*j + 8. Let k be r(6). Let h be -351 - ((k - -2) + -1). Let i = h + 517. Is i a composite number?
False
Let v be (-36)/(-24) - (1094/(-4) + 2). Let r = v + 359. Suppose 0 = -2*g - 0*g + 2*t + r, 0 = -3*g + 5*t + 946. Is g a composite number?
False
Let r(j) = -60222*j - 15641. Is r(-6) prime?
False
Suppose a = -3*v + 2089429, 185*v = 189*v + 2*a - 2785900. Is v a prime number?
False
Let p be 2/(-6) + 91/21. Suppose p*x - 23089 = -7*x. Is x composite?
False
Let v(d) = -245*d + 4. Let a be v(-1). Let o(l) = -13 - a*l - 497*l + 10. Is o(-1) a prime number?
True
Let n(l) = -2*l**2 + l + 1. Let i be n(-3). Is (-2)/3*53790/i a composite number?
True
Suppose 9*x - 2*x - 21 = 0. Suppose -5*s - 4*w = -2227, s - 434 = x*w - 0*w. Suppose -s = -n + 234. Is n composite?
False
Let o(n) = 75*n**2 - 7*n - 5. Let q(r) = -2*r - 45. Suppose -s = 5*s + 126. Let h be q(s). Is o(h) prime?
True
Let r be -1 + (-4 - -5) + 1 + -1163. Let b = r + 245. Is (b/14)/((-1)/2) composite?
False
Suppose -5*s = 2*i - 112673, -4*s - 16*i = -21*i - 90145. Is s prime?
False
Let v = -405 + -40. Suppose -3069 = -4*h + 99. Let n = h + v. Is n a composite number?
False
Suppose 0 = 4*q - 13 + 9, j = 5*q + 47036. Is j a prime number?
True
Let r(d) = -40*d**3 + 4*d**2 + 6*d + 5. Suppose -4*g + 43 = 3*h, 0*g + 2*g = h + 9. Suppose -4*x - g = 9. Is r(x) prime?
False
Let t(q) = -26*q**3 + 7. Let k = 275 + -281. Is t(k) prime?
True
Let g(i) = -2*i**2 - 2*i + 7*i**2 - 33 - 11*i. Let k be g(14). Suppose 1016 = 4*n - 2*v, -2*n - n = -3*v - k. Is n prime?
False
Suppose 4*r + 11813 = d, 13328 + 10277 = 2*d - r. Is d prime?
True
Let u(h) = 775*h**2 - 796*h + 11. Is u(20) a composite number?
True
Suppose -6723*q + 6745*q = 2326522. Is q a composite number?
False
Suppose 0 = c + 2*h - 974011, -17*c - 4*h = -18*c + 973987. Is c a composite number?
False
Let v(o) = -2*o + 81. Let u be v(-9). Is ((-158)/6 + 2)/((-3)/u) composite?
True
Let q(u) = -8*u**2 - u - 22. Let l be q(-5). Let x = -177 + l. Is 0 + 2/2 - x/1 a prime number?
False
Let d(z) = -4202*z + 1279. Is d(-4) a prime number?
False
Suppose 5*j + 642*k = 637*k + 1112860, -3*j + 4*k + 667779 = 0. Is j a composite number?
True
Let o = 187119 - 113860. Is o prime?
True
Suppose t - 5*p + 3*p = -11, -4*p = t - 13. Is (t - (-3 - 4))*(-4926)/(-8) prime?
False
Suppose -3*m + 6 = -0*m, -4*f = -5*m - 42. Suppose 8815 = f*i - 8228. Suppose 12*j - i = 28845. Is j a prime number?
False
Let l(g) = 105*g**2 + 21*g - 3707. Is l(-64) prime?
False
Suppose -4*f + n = -628391, 3*n - 951638 + 323227 = -4*f. Is f composite?
True
Let k(s) = -s**2 - 4*s + 2. Suppose -3 = -3*t + 3*r, 0*r + 1 = 4*t - r. Let i be k(t). Suppose -7*g - i*m = -2*g - 10473, -3 = 3*m. Is g composite?
True
Let t(w) be the first derivative of -8*w**4 - w**2 - 3*w - 143. Suppose 3 = r + 5. Is t(r) composite?
False
Let l = -585 + 580. Let s(r) = 146*r**2 - 10*r + 9. Is s(l) a prime number?
True
Suppose -5*x - 21 + 36 = 0, 2*x + 284028 = 6*g. Is g composite?
False
Is 544/(-476) + 2541715/7 prime?
False
Suppose 11 = -4*w - 1, 0 = -4*r - 3*w + 47. Let y be (-4)/r - 42500/14. Is 3/(-9)*y/4 a prime number?
False
Suppose 0 = -498*h + 309*h + 46742535. Is h a prime number?
False
Suppose 107*g = 104*g + 12270. Suppose 2*x - 25472 = -g. Is x a prime number?
True
Is ((-3153)/(-12) + -5)/(46/23368) a prime number?
False
Suppose -12*p = -35*p. Is 3541 - (-4)/(-12)*p composite?
False
Let c(b) = b + 2. Let z be c(-2). Suppose j - 16 = -3*j + s, 4*s - 16 = z. Suppose j*l = 3*l + 3478. Is l prime?
False
Let h(q) = -3*q - 24. Let d be h(-11). Suppose -18 = 3*s - d*s. Suppose s*o = -5*f + 1492, o = -3*f + 943 - 47. Is f prime?
False
Suppose -5*c + 4*x = -13490, -4268 = -2*c - x + 1141. Suppose 9*s - 119 + c = 0. Let w = 786 + s. Is w prime?
True
Let r = 217576 + 148995. Is r a composite number?
True
Suppose -10*l = 33 - 363. Suppose -22*s + l*s = 11033. Is s composite?
True
Let f = -1453 - -265. Let d = -37 - f. Is d prime?
True
Let i be (-282536)/(-16) + 3/6. Suppose -i = -6*v + 14411. Is v composite?
True
Suppose d = 42*d + d + 57834. Suppose 4*r - r - 6 = 0. Is d/(-6) - 6 - r/4 prime?
True
Let b = 47 - 43. Suppose b*n - 9 - 7 = 0. Suppose 0 = n*i - 5532 - 2624. Is i a composite number?
False
Suppose -k + 2*v = 3*v + 12, -4*v = 4. Let w = 14 + k. Suppose 15 - 1488 = -w*b. Is b a prime number?
True
Suppose -113*c + 119*c - 11520 = 0. Let p = c - 559. Is p a prime number?
True
Suppose 4*p - 272506 = -2*l, 2*l + 3*p = -2*l + 545032. Is l composite?
False
Suppose 0 = 13*p - 15*p + 68402. Is p a composite number?
True
Let v(d) = d + 19. Let s be v(-16). Suppose z = -4*x + 11, s*z - 7 = -4*x - 2*z. Suppose -2526 = -4*j - y, x*y - y - 4 = 0. Is j prime?
True
Let a(j) = 6*j - 16. Let x be a(6). Let y(z) be the third derivative of z**5/20 + z**4/12 - 47*z**3/6 + 13*z**2. Is y(x) composite?
False
Suppose 43*y = 46*y - 48. Suppose 0 = -20*g + y*g + 2260. Is g a prime number?
False
Suppose -3*z - 108*d + 34197 = -105*d, 4*d - 24 = 0. Is z prime?
True
Suppose 8*b = -1008 - 824. Let v = b + 870. Is v a composite number?
False
Let v be 1181 + (-5 - -2) - -2. Suppose -2*a = -8, -7*a + 2*a = 5*q - v. Let h = 483 - q. Is h composite?
False
Suppose -4*c = 272 - 240. Let n(f) = -f**2 - 6*f - 13. Let m(o) = -3*o**2 - 12*o - 27. Let b(p) = -6*m(p) + 11*n(p). Is b(c) a prime number?
True
Let a be -3*((-35)/15 + -1). Let x be 4*((-6)/a)/(12/(-50)). Let n(c) = 7*c**2 + 10*c + 2. Is n(x) a composite number?
True
Suppose -4*u - 4*y - 65 = -205, -3*u - 5*y = -95. Let q = u + -34. Suppose -q*v = -0*v - 852. Is v a prime number?
False
Let l = 1068 + -2521. Let d = 6583 + l. Suppose -d = -2*g + 448. Is g prime?
True
Suppose -11*d + 8*d + 3*h = -966210, -3*d - 4*h = -966189. Is d prime?
True
Suppose -199839 - 317956 = -29*d. Is d a composite number?
True
Let p(l) = 2*l**3 - 4*l**2 + 6. Let j be p(5). Let s = j - -557. Is s a composite number?
True
Suppose 40*c - 2419310 = 2301510 - 1901180. Is c a composite number?
True
Let u(k) = 9*k - 533. Let o be u(61). Let x = 67 + -41. Suppose o*p = x*p - 9740. Is p a prime number?
False
Suppose 4*a - 6*n + 41 = -n, 2*n - 10 = 0. Is (926/a)/((-618)/204 - -3) composite?
True
Let g(o) = 2298*o**2 + 57*o - 23. Is g(8) composite?
True
Let a(h) = -4351*h**2 + 2*h + 1. Let o be a(-1). Let d = 5370 - -931. Let m = d + o. Is m a prime number?
True
Let z = 1336889 - 570472. Is z a prime number?
False
Suppose 3*l - 8*x = -10*x + 4486, 0 = l + 2*x - 1498. Let m = l - -1279. Is m a composite number?
True
Let r(k) = k**3 - 8*k**2 - k + 102. Let u be r(9). Let n be (-238)/(-4) - 3/6. Let x = u + n. Is x prime?
True
Suppose 0 = 6*y + 766 - 7138. Let q = y + -361. Is q a composite number?
False
Let t = -1 + -20. Let n be (-10)/35 + (-5067)/t. Suppose -3*j + n = s, -4*s + 490 = -j - 526. Is s a prime number?
False
Let v(h) = 2*h**2 - 4*h - 3. Let a be v(4). Suppose 18*s - a*s = 3945. Suppose 163 = u - 3*k, -5*u + 0*k + 2*k = -s. Is u a composite number?
False
Suppose 8*o = 4*o - 4*l - 26080, 4*o - l + 26085 = 0. Is o/(3/(10/(-2) - -2)) a composite number?
False
Let c = -40 - -86. Let v(r) = -30 - 29 + 9*r - r + c. Is v(9) a prime number?
True
Suppose -5049 - 4506 = -5*f. Suppose 5*o = h - 720, 4*h + 4*o = f + 969. Suppose 3*d - h = -5*c, 0 = -4*d + 2*c + 108 + 826. Is d a prime n